a prime number?
True
Is 904461 a composite number?
True
Is 5407 a prime number?
True
Is 9271 prime?
False
Is 24391 prime?
True
Is 195493 a prime number?
True
Is 36229 composite?
False
Is 3517 composite?
False
Is 1346 a prime number?
False
Is 17359 composite?
False
Is 138221 prime?
False
Is 428723 prime?
False
Is 54829 a prime number?
True
Is 82967 composite?
True
Is 34 prime?
False
Is 3416929 prime?
True
Is 629479 prime?
False
Is 46199 composite?
False
Is 70127 a prime number?
False
Is 6449 a prime number?
True
Is 110863 a prime number?
True
Is 5357 a composite number?
True
Is 66919 a prime number?
True
Is 31055 a composite number?
True
Is 9871 composite?
False
Is 160049 composite?
False
Is 16871 a prime number?
True
Is 3277195 a composite number?
True
Is 700801 a composite number?
False
Is 685591 composite?
False
Is 3847 a prime number?
True
Is 118267 a prime number?
False
Is 16301 a prime number?
True
Is 304957 prime?
False
Is 155165 a composite number?
True
Is 430711 prime?
False
Is 4267 prime?
False
Is 14743 prime?
False
Is 4195 prime?
False
Is 70529 a prime number?
True
Is 245801 a composite number?
True
Is 103679 composite?
True
Is 2335 prime?
False
Is 11519 a composite number?
False
Is 48217 composite?
True
Is 1661171 a prime number?
False
Is 281341 prime?
False
Is 187235 a composite number?
True
Is 6013 prime?
False
Is 4393 a composite number?
True
Is 66697 a composite number?
False
Is 717901 a prime number?
False
Is 33947 prime?
False
Is 400955 a composite number?
True
Is 1087 a composite number?
False
Is 387953 a composite number?
False
Is 5699 prime?
False
Is 33343 composite?
False
Is 3989 a composite number?
False
Is 1361 prime?
True
Is 1219195 a prime number?
False
Is 197699 a prime number?
True
Is 3011 composite?
False
Is 166461 composite?
True
Is 8219 composite?
False
Is 660493 a composite number?
False
Is 23315 composite?
True
Is 60679 a prime number?
True
Is 11369 composite?
False
Is 3233257 prime?
True
Is 243353 a composite number?
True
Is 107279 a composite number?
False
Is 6295 a prime number?
False
Is 443 prime?
True
Is 46663 a prime number?
True
Is 75673 prime?
False
Is 387269 a composite number?
False
Is 2501 a prime number?
False
Is 25973 composite?
True
Is 488779 composite?
False
Is 48017 a prime number?
True
Is 1380513 composite?
True
Is 70363 composite?
True
Is 17257 prime?
True
Is 25409 prime?
True
Is 106 prime?
False
Is 233617 composite?
False
Is 35545 composite?
True
Is 29009 composite?
False
Is 28562 composite?
True
Is 635123 prime?
False
Is 83 composite?
False
Is 519083 a prime number?
True
Is 262 a prime number?
False
Is 18021 a composite number?
True
Is 73277 prime?
True
Is 306971 prime?
False
Is 107363 prime?
False
Is 283369 a prime number?
True
Is 114547 composite?
False
Is 807403 prime?
True
Is 621059 composite?
False
Is 1783 a prime number?
True
Is 79291 composite?
True
Is 40423 composite?
False
Is 9778 a composite number?
True
Is 8903 composite?
True
Is 61769 prime?
False
Is 11717 a prime number?
True
Is 34207 composite?
True
Is 22105 a prime number?
False
Is 85411 a prime number?
True
Is 166349 composite?
False
Is 448241 a prime number?
True
Is 99521 a composite number?
True
Is 949561 a prime number?
False
Is 1973 prime?
True
Is 77929 a prime number?
True
Is 225853 composite?
True
Is 8453 a prime number?
False
Is 11465 prime?
False
Is 40307 composite?
True
Is 56981 composite?
True
Is 839669 prime?
True
Is 5039 a composite number?
False
Is 31379 a prime number?
True
Is 160813 prime?
True
Is 465433 a prime number?
True
Is 662513 a prime number?
True
Is 55531 prime?
False
Is 818207 composite?
True
Is 75269 prime?
True
Is 23107 a composite number?
True
Is 537 composite?
True
Is 161183 a prime number?
False
Is 616483 a prime number?
False
Is 9111 a prime number?
False
Is 10123 composite?
True
Is 5021 a composite number?
False
Is 18569 a prime number?
False
Is 2459 composite?
False
Is 11027 composite?
False
Is 23459 composite?
False
Is 757 composite?
False
Is 206327 a prime number?
False
Is 80753 prime?
False
Is 19913 composite?
False
Is 29821 a composite number?
True
Is 23141 a composite number?
True
Is 32467 prime?
True
Is 20017 a composite number?
True
Is 56195 prime?
False
Is 366655 prime?
False
Is 14197 prime?
True
Is 52489 composite?
False
Is 1067507 a prime number?
False
Is 911 a composite number?
False
Is 68987 a composite number?
True
Is 17551 prime?
True
Is 7669 composite?
False
Is 107243 a composite number?
False
Is 255299 a prime number?
False
Is 29823 prime?
False
Is 112226 composite?
True
Is 29473 prime?
True
Is 172153 prime?
True
Is 11993 a prime number?
False
Is 14579 a composite number?
True
Is 9019 a prime number?
False
Is 28643 a prime number?
True
Is 25013 a composite number?
False
Is 761471 composite?
False
Is 500299 a prime number?
True
Is 16183 prime?
True
Is 1836817 composite?
True
Is 152645 prime?
False
Is 10369 a prime number?
True
Is 79069 a prime number?
False
Is 24527 composite?
False
Is 23687 a prime number?
True
Is 3117 composite?
True
Is 136519 a prime number?
True
Is 104621 a composite number?
True
Is 4621 a prime number?
True
Is 4043 a prime number?
False
Is 13173 prime?
False
Is 5105 composite?
True
Is 1043 prime?
False
Is 17783 a prime number?
True
Is 4843 composite?
True
Is 138289 a prime number?
True
Is 295489 a composite number?
True
Is 30403 composite?
False
Is 2183819 a composite number?
True
Is 117493 prime?
False
Is 22766 a composite number?
True
Is 7915 a prime number?
False
Is 189037 a prime number?
False
Is 170117 a prime number?
False
Is 23379 a prime number?
False
Is 7827 a prime number?
False
Is 114467 a composite number?
False
Is 78233 a prime number?
True
Is 17063 a prime number?
False
Is 74017 a prime number?
True
Is 1527 prime?
False
Is 396703 prime?
True
Is 2179 a prime number?
True
Is 840097 a composite number?
True
Is 193835 a composite number?
True
Is 9173 a composite number?
False
Is 781 prime?
False
Is 1759 a prime number?
True
Is 83191 prime?
False
Is 4201 prime?
True
Is 657383 a composite number?
False
Is 888847 a composite number?
True
Is 2004629 prime?
False
Is 1034069 prime?
True
Is 182317 a composite number?
True
Is 2278253 composite?
True
Is 662927 a composite number?
True
Is 372422 a prime number?
False
Is 181711 a composite number?
False
Is 55969 prime?
False
Is 6733 composite?
False
Is 19555 prime?
False
Is 519457 composite?
False
Is 745231 composite?
False
Is 11379 composite?
True
Is 7717 prime?
True
Is 13859 prime?
True
Is 311843 a composite number?
True
Is 1423 a composite number?
False
Is 74377 composite?
False
Is 138967 prime?
True
Is 998831 a composite number?
False
Is 2397841 a composite number?
True
Is 3641 prime?
False
Is 6457 a composite number?
True
Is 273107 a prime number?
True
Is 19021 a composite number?
True
Is 23431 a composite number?
False
Is 5755 prime?
False
Is 77093 prime?
True
Is 36143 a composite number?
True
Is 909551 a prime number?
False
Is 15187 a composite number?
False
Is 62709 a composite number?
True
Is 9634 a prime number?
False
Is 17855 a prime number?
False
Is 1459 a prime number?
True
Is 164173 prime?
True
Is 4909 a prime number?
True
Is 313919 composite?
True
Is 2763219 prime?
False
Is 66659 composite?
True
Is 109297 prime?
True
Is 138151 prime?
False
Is 35039 a prime number?
False
Is 10427 composite?
False
Is 1122983 a prime number?
True
Is 18617 a composite number?
False
Is 148585 a prime number?
False
Is 275051 composite?
True
Is 1649 composite?
True
Is 289399 a prime number?
False
Is 1230199 a prime number?
True
Is 17961 prime?
False
Is 449543 a prime number?
True
Is 3613 a composite number?
False
Is 16843 composite?
False
Is 955531 prime?
False
Is 110849 a composite number?
False
Is 3587 composite?
True
Is 261673 a composite number?
False
Is 3031 composite?
True
Is 6999 a composite number?
True
Is 71749 composite?
True
Is 2335097 a composite number?
False
Is 342403 a composite number?
True
Is 1070587 composite?
True
Is 14519 composite?
False
Is 15119 prime?
False
Is 20721 a prime number?
False
Is 1097513 a prime number?
True
Is 74809 a prime number?
False
Is 786307 a prime number?
True
Is 150901 prime?
True
Is 39415 a prime number?
False
Is 155627 a prime number?
True
Is 981517 prime?
True
Is 496